d composite?
True
Let p = -1990 - -3107. Is p composite?
False
Suppose -25*c - 124026 = -31*c. Is c a prime number?
False
Is (-9078630)/(-50) + (-14)/(-35) composite?
True
Suppose 34*z - 36*z = -32558. Is z a composite number?
True
Let v(w) = 25*w**2 + 2. Let d be v(2). Suppose q + q - 218 = 0. Suppose d = f - q. Is f a prime number?
True
Let h = -35042 + 49945. Is h a prime number?
False
Suppose -2925 = -26*i + 29*i. Let r(z) = -27*z**3 + 3*z**2 + 2*z. Let x be r(-4). Let y = i + x. Is y a prime number?
False
Let j(p) = 14*p**2 + 5*p + 11. Is j(18) composite?
False
Let j be 1/(-2*(-4)/80*2). Suppose j*a + 210 = 765. Is a composite?
True
Suppose 5*f = 3*d - 10658, -6079 - 11681 = -5*d + 5*f. Is d composite?
True
Suppose 5*l - 250390 = -5*o, 27354 = o + 4*l - 22727. Is o prime?
True
Suppose -143*l + 148*l = 370. Suppose 0 = -r + 69 + l. Is r a composite number?
True
Let v = 91290 + 67393. Is v composite?
True
Let p = -9426 - -15593. Is p composite?
True
Suppose -2*p - 7156 = -w + 963, 40543 = 5*w + 3*p. Is w prime?
True
Let c be (1/2)/(3/1848). Suppose t - 63 - c = 0. Is t a composite number?
True
Let w = -43 - -44. Let m(u) be the second derivative of 7*u**3/3 + u**2/2 - u. Is m(w) a composite number?
True
Let p(s) be the second derivative of s**5/20 + s**4/3 - s**3/6 + 5*s. Let m be p(-4). Suppose m*n - 5*n + 21 = 0. Is n a composite number?
True
Suppose -5*v - 3*t = -34211, 2*v + 7*t - 13680 = 8*t. Is v a prime number?
True
Suppose -11*u + 51*u = 298160. Is u composite?
True
Let s = -61 - -63. Is (-3 + s)/(17/(-24463)) prime?
True
Let z = 46 - 45. Is z/((-16641)/(-33246) + 1/(-2)) composite?
False
Suppose 2*a - 4*n = 87790, -a = 2*a - n - 131670. Is a prime?
True
Let q = -1 - -5. Let s(r) = -r. Let d be s(q). Is (-150)/d + 3/(-6) a prime number?
True
Let o be 5/(-10)*(2 + -2). Suppose 0 = -h, 5*y - 3*h + 47 - 17 = o. Is 187 - 5/((-15)/y) a prime number?
False
Suppose 36*h + 4*h = 7920. Let k = 154 - 75. Let o = h - k. Is o a composite number?
True
Suppose -5*l - 2*x = -194691, -4*l + 5*x + 26745 = -129021. Is l composite?
True
Is (0 + -1423 + -3)/(-2) prime?
False
Suppose 2*b = 592 + 2296. Suppose -5*g + 191 = -b. Is g a prime number?
False
Let m(g) be the third derivative of g**6/120 + 7*g**5/60 - g**4/8 - 5*g**3/3 - 7*g**2. Is m(-7) a prime number?
True
Suppose -2*b + 12 = -i - b, 4*i + 4*b = -64. Let u be (-4)/i + (-838)/(-7). Suppose 3*v + u = 429. Is v a prime number?
True
Suppose -l + 24 = 19. Suppose 4*r = 5*u - 6 - 2, -2*u + l = -r. Suppose u*v = -v + 1535. Is v prime?
True
Suppose o - 125 = -122. Is (-9 - -1635) + 2 + o a composite number?
True
Suppose 0 = 3*w + 5*p - 3218, 4*w - 5883 = 5*p - 1534. Is w a prime number?
False
Let d = 49 - 46. Suppose -4*y = 2*p - 6018, -d*p + 4750 = -5*y - 4321. Is p composite?
True
Let a(i) = 13 - 9 - 2 - 15 - 5*i + 21*i**2. Is a(-8) a prime number?
False
Let v(c) = -116*c - 15. Let z be v(-10). Let q(s) = -s**2 + s + 2. Let g be q(2). Suppose g = -2*w + z + 117. Is w a prime number?
True
Let o(b) = -64*b**2 - 2*b + 6. Let f be o(4). Let k = -284 - f. Suppose 0 = 3*r - k + 133. Is r a prime number?
False
Suppose -521*s + 397472 = -489*s. Is s a prime number?
True
Suppose 2*g - 2*d - 624 = 3*d, 3*g + 5*d = 911. Is g prime?
True
Suppose -2*h = 2*s + 8, -s = -4*s + 4*h + 2. Is (-1143 - s)/(-2 - (1 - 2)) a composite number?
True
Suppose 5034 + 8860 = 2*d. Is d a prime number?
True
Suppose 0 = -5*j + 10*j - 100. Suppose 5*l = l + j. Is (-2 + l)*(-178)/(-6) prime?
True
Is (((-2)/1)/(-4))/((-9)/(-301662)) a composite number?
False
Let n be 246/42 - ((-6)/(-7) + -1). Suppose -m - 2087 = -n*m + 2*b, 2*b + 411 = m. Is m a prime number?
True
Let p(i) = -i**3 + 10*i**2 - 2*i - 8. Suppose 5 + 5 = 5*z. Suppose -4*t = -6*o + 3*o + 31, -3*o = -z*t - 29. Is p(o) composite?
True
Suppose 37*g = 286710 + 237691. Is g prime?
True
Let a be 1/2 + (-805)/(-2). Let p = 178 + a. Is p a composite number?
True
Let g be 9/54 - (-29)/6. Suppose -2*t = -4*w - 16, 0 = -g*t + w + 4. Let n(x) = x**2 + 85. Is n(t) composite?
True
Suppose 0 = -6*a + 3*a - h - 9, 0 = 4*h. Is (-3 - -4)/((-2074)/(-691) + a) prime?
True
Suppose w = -3*n + 334, 3*w - 574 = -2*n + 407. Let j = 618 - w. Is j composite?
False
Suppose 75 = 2*h - 155. Let l = -316 + h. Let y = 106 - l. Is y composite?
False
Let x be ((-15)/3 - -2)/(1*-1). Suppose -3*i = -z - 1196, -z = -x*i + 4*z + 1216. Is i a prime number?
True
Suppose 3*v = 5*l + 2, 4*l - 24 = -6*v + 2*v. Suppose 2*m + 3*k = 1181, k - 1509 = -v*m + 828. Is m composite?
True
Suppose 0 = 5*r + 5*p - 125, -p = -4*r + 116 - 11. Suppose -r = -z - 0*z. Is z composite?
True
Suppose -5*n = -3*n - i + 16, -3*i = 4*n + 42. Is (n - -5)/(-8)*(2674 + 0) a composite number?
True
Suppose s + 0*s = 5*k - 7, -1 = -s - 3*k. Let r be (s/(-4))/(12/(-120)). Is (0 - r)*211/5 prime?
True
Suppose 3*t = 7*t. Suppose t*z = -g - z + 371, 3*g - 1113 = -2*z. Is g composite?
True
Is (-4 - 88190)*(-5)/30 a prime number?
True
Let g = -39 - -62. Suppose g = -3*v + 95. Is 12/v + 69/2 a prime number?
False
Let x(h) = 6*h**2 - 2*h + 7. Let r be x(5). Let g = r - 79. Suppose 2*n + 2*i = 402, g + 117 = n + 5*i. Is n composite?
True
Let w = 1967 + 1164. Is w a prime number?
False
Let f(h) = -h**2 - h. Let i be f(0). Suppose v = -i*v + 389. Is v a prime number?
True
Let c be ((-132)/8)/((-1)/(-2)). Suppose 5*x - 4 = -19. Is (x/1)/(3/c) composite?
True
Let c(i) be the first derivative of 3*i**3 - i**2/2 + 5*i - 8. Suppose r - 3*r + 8 = 0. Is c(r) a prime number?
False
Suppose -2*w + 3*s + 52784 = 0, 0 = 4*s - 0 + 8. Is w prime?
False
Let l = -10524 + 36086. Is l a prime number?
False
Let f = 0 - -20. Let s be (f/(-6))/(6/(-9)). Suppose 0 = -3*b + n + 97, -2*b - s*n + 43 = -b. Is b composite?
True
Suppose -16 - 904 = 5*o. Let t = 1005 + o. Is t a prime number?
True
Suppose 4275 - 21220 = -5*d. Is d a prime number?
True
Let v = 4568 - 3159. Is v composite?
False
Let d(l) = 2*l**3 - 16*l**2 + 49*l + 14. Is d(19) a composite number?
False
Let i be (-3)/(-2)*200/12. Suppose 2*r - 7*r = i. Let v(g) = -125*g - 12. Is v(r) composite?
False
Let y(u) = 5*u**2 + 7*u - 2. Let c be y(7). Let p = c + -557. Let k = 426 + p. Is k composite?
True
Suppose 14*m + 821 = 121. Suppose 5*i + 286 = 3*x, 4*x + 5*i - 236 = x. Let q = m + x. Is q a composite number?
False
Let u be (-3)/1*(-14)/6. Let a be (u/(-14))/(2/12). Is a/(-3)*-1 - -134 a composite number?
True
Let d be (-14)/21 + (-4)/(-6). Suppose 2*f - 398 = -d*f. Is f a prime number?
True
Let s = 19952 - 10149. Is s prime?
True
Let u = 28 - 41. Let y(q) = q**3 + 14*q**2 + 10*q - 12. Let s be y(u). Suppose -2*c + s = -507. Is c composite?
True
Is (4 + -5)*1*2 + 3763 a composite number?
False
Let o be 11010/10 - 3*-1. Suppose -3*s + 276 = -o. Suppose 3*i + i = s. Is i prime?
False
Let u = 48547 - 25446. Is u a composite number?
True
Let v(w) be the third derivative of 37*w**5/10 - w**4/24 + w**3/6 - 2*w**2. Let s = 1 + 1. Is v(s) composite?
False
Let c = 3139 + 424. Is c composite?
True
Suppose 17*n = 20*n - 1140. Suppose -n = -2*q - 0*q - 2*m, 573 = 3*q + 4*m. Is q a prime number?
False
Let u(m) = 7*m - 1 + 398*m**3 - 4*m - 2*m**2 - m. Is u(1) a prime number?
True
Is ((-18)/12)/((-18)/217428) a prime number?
True
Let p = -9436 - -17105. Suppose -8*l = -4*l - 3*n - 7699, 3*n = -4*l + p. Is l composite?
True
Let g = 74 + -69. Suppose -5*l - 2*y + 15089 = -0*y, -3*y + 15091 = g*l. Is l composite?
True
Suppose 0 = 31*r - 717627 - 629044. Is r composite?
False
Let j = -12788 + 21159. Is j prime?
False
Suppose 2*c + 5 = 15. Suppose c*f = -0*f. Suppose f = -5*p - 75 + 680. Is p a prime number?
False
Suppose 7*w = 3*w - 2764. Let v = 2538 + w. Is v a composite number?
False
Let g be (702 - -1)*(2 + -1). Let w = g + -483. Suppose -4*n + w = -0*n. Is n a composite number?
True
Let i = 20471 - 12858. Is i prime?
False
Suppose -36993 = -5*w - 20*h + 18*h, -4*h = -w + 7381. Is w a composite number?
True
Let c = -2342 + 12471. Is c prime?
False
Let k = 19294 + -10371. Is k a composite number?
False
Suppose 3*m = r - 4*r - 5448, -2*m = 3*r + 3634. Is (m/3)/((30/(-9))/5) prime?
True
Suppose 3*f + 14 - 2 = 5*n, 4*f = 5*n - 21. Let o(p) = -56*p - 6. Let q be o(f). Let r = -167 + q. Is r composite?
False
Let v(l) = 10*l**2 + 2*l 